{"id":554,"date":"2022-03-29T11:19:32","date_gmt":"2022-03-29T11:19:32","guid":{"rendered":"https:\/\/juttarode.de\/?page_id=554"},"modified":"2026-01-09T13:27:55","modified_gmt":"2026-01-09T13:27:55","slug":"herzlich-willkommen","status":"publish","type":"page","link":"https:\/\/juttarode.de\/","title":{"rendered":"Sch\u00f6n, dass Du da bist"},"content":{"rendered":"\n<p>Hallo, ich bin Jutta. <\/p>\n\n\n\n<p>Als professionelle <strong>F\u00fchrungskr\u00e4fte-, Transformation und Mental Fitness Coach<\/strong> \u2013 mit internationaler <strong>ICF<\/strong>-Zertifizierung \u2013 bin ich Deine authentische und vertrauensw\u00fcrdige Begleiterin in Zeiten von Wandel, Ver\u00e4nderung und Weiterentwicklung. \u00a0\u00a0\u00a0\u00a0<\/p>\n\n\n\n<p>Ich verstehe mich als <strong>Wegbereiterin f\u00fcr Menschen, Teams und Organisationen<\/strong>, die st\u00e4rker in ihr <strong>Potenzial <\/strong>kommen m\u00f6chten, um die vielf\u00e4ltigen <strong>M\u00f6glichkeiten<\/strong> der Zukunft aktiv und eigenverantwortlich zu <strong>gestalten<\/strong> und so Sinn in ihrem Sein und Tun zu erfahren.<br><br>Dabei unterst\u00fctze ich meine Klienten insbesondere darin, ihre <strong>mentale St\u00e4rke und Widerstandsf\u00e4higkeit <\/strong>zu entdecken und zu kultivieren, damit <strong>Ver\u00e4nderung und Entwicklung<\/strong> gelingen kann \u2013 <strong>POSITIV<\/strong> <strong>und<\/strong> <strong>NACHHALTIG.<\/strong><\/p>\n\n\n\n<p>In unserer Zusammenarbeit verbinde ich Elemente des <strong>l\u00f6sungs- und wachstumsorientierten Coaching<\/strong> mit <strong>positiver Psychologie, Design Thinking, Agilit\u00e4t<\/strong> sowie dem wissenschaftlich fundierten <strong>Positive Intelligence\u00ae Konzept<\/strong> zur St\u00e4rkung der mentalen Fitness. <br><br>Dabei coache ich vor dem Hintergrund eines beeindruckenden <strong>Track Record <\/strong>in der globalen Finanzindustrie, einer selbst erlebten <strong>Transformation<\/strong> und reichlich <strong>Lebenserfahrung<\/strong> als Frau und Mutter, Familienmanagerin und Freundin.<\/p>\n\n\n\n<p>Da im innovativ-agilen und Change Kontext das \u201eDu\u201d \u00fcblich ist, habe ich mich entschieden, auch auf dieser Website ein <strong>wertsch\u00e4tzendes \u201eDu\u201d<\/strong> zu w\u00e4hlen.<\/p>\n\n\n\n<p>Ich biete Dir <strong>meine Coaching-Unterst\u00fctzung<\/strong> im virtuellen Raum an. Wenn Du wie ich in der Metropolregion Rhein-Main lebst, ist Coaching auch im Walk &amp; Talk-Format sowie in den R\u00e4umlichkeiten Deines Unternehmens m\u00f6glich.<\/p>\n\n\n\n<p>Je nach Wunsch coache ich auf <strong>Deutsch<\/strong> oder <strong>Englisch<\/strong>, gerne auch im interkulturellen Kontext.<\/p>\n\n\n\n<p>Deine Entwicklungsreise zur<strong> Realisierung des MEHR, das in Dir steckt, <\/strong>kann sofort beginnen. <br><br>Ich freue mich, Dich als <strong>Coach Deiner Wahl<\/strong> dabei begleiten zu d\u00fcrfen.<br><\/p>\n\n\n\n<p><\/p>\n\n\n\n<figure class=\"wp-block-image size-large\"><img loading=\"lazy\" decoding=\"async\" width=\"1024\" height=\"155\" src=\"https:\/\/juttarode.de\/wp-content\/uploads\/2022\/05\/image_123986672-1024x155.jpg\" alt=\"\" class=\"wp-image-924\" srcset=\"https:\/\/juttarode.de\/wp-content\/uploads\/2022\/05\/image_123986672-1024x155.jpg 1024w, https:\/\/juttarode.de\/wp-content\/uploads\/2022\/05\/image_123986672-300x45.jpg 300w, https:\/\/juttarode.de\/wp-content\/uploads\/2022\/05\/image_123986672-768x116.jpg 768w, https:\/\/juttarode.de\/wp-content\/uploads\/2022\/05\/image_123986672-1536x232.jpg 1536w, https:\/\/juttarode.de\/wp-content\/uploads\/2022\/05\/image_123986672-2048x310.jpg 2048w, https:\/\/juttarode.de\/wp-content\/uploads\/2022\/05\/image_123986672-397x60.jpg 397w\" sizes=\"(max-width: 1024px) 100vw, 1024px\" \/><\/figure>\n\n\n\n<p><\/p>\n\n\n\n<p><\/p>\n\n\n\n<div class=\"wp-block-columns is-layout-flex wp-container-core-columns-is-layout-9d6595d7 wp-block-columns-is-layout-flex\">\n<div class=\"wp-block-column is-layout-flow wp-block-column-is-layout-flow\" style=\"flex-basis:100%\">\n<div class=\"wp-block-buttons is-content-justification-center is-layout-flex wp-container-core-buttons-is-layout-16018d1d wp-block-buttons-is-layout-flex\">\n<div class=\"wp-block-button\"><a class=\"wp-block-button__link has-white-color has-text-color has-background wp-element-button\" href=\"https:\/\/calendly.com\/juttarode\/welcome-gesprach\" style=\"background-color:#db4774\" target=\"_blank\" rel=\"noreferrer noopener\">Jetzt Termin buchen<\/a><\/div>\n<\/div>\n<\/div>\n<\/div>\n\n\n\n<p><\/p>\n","protected":false},"excerpt":{"rendered":"<p>Hallo, ich bin Jutta. Als professionelle F\u00fchrungskr\u00e4fte-, Transformation und Mental Fitness Coach \u2013 mit internationaler ICF-Zertifizierung \u2013 bin ich Deine authentische und vertrauensw\u00fcrdige Begleiterin in Zeiten von Wandel, Ver\u00e4nderung und Weiterentwicklung. \u00a0\u00a0\u00a0\u00a0 Ich verstehe mich als Wegbereiterin f\u00fcr Menschen, Teams und Organisationen, die st\u00e4rker in ihr Potenzial kommen m\u00f6chten, um die vielf\u00e4ltigen M\u00f6glichkeiten der Zukunft &hellip; <\/p>\n","protected":false},"author":1,"featured_media":0,"parent":0,"menu_order":0,"comment_status":"closed","ping_status":"closed","template":"","meta":{"_et_pb_use_builder":"off","_et_pb_old_content":"<!-- wp:paragraph -->\n<p>Hallo, ich bin Jutta und ich freue mich, Dich hier begr\u00fc\u00dfen zu d\u00fcrfen. <\/p>\n<!-- \/wp:paragraph -->\n\n<!-- wp:paragraph -->\n<p>Als professionell ausgebildete Coach - mit ICF-Zertifizierung - bin ich vertrauensvolle Entwicklungs-Begleiterin f\u00fcr Menschen, Teams und Organisationen, die in ihr Potenzial investieren m\u00f6chten, aktiv und eigenverantwortlich die vielf\u00e4ltigen M\u00f6glichkeiten der Zukunft gestalten wollen und so Sinn erfahren, bei dem was sie sind und tun.<\/p>\n<!-- \/wp:paragraph -->\n\n<!-- wp:paragraph -->\n<p>Ich begreife mich als Erm\u00f6glicherin, die meine Kundinnen und Kunden mit Impulsen zur Reflexion und mit Denkanst\u00f6\u00dfen positiv nach vorne bringt.<\/p>\n<!-- \/wp:paragraph -->\n\n<!-- wp:paragraph -->\n<p>In unserer Zusammenarbeit verbinde ich Elemente des l\u00f6sungs- und wachstumsorientierten Coachings mit innovativen Herangehensweisen aus den Bereichen Design Thinking und Agilit\u00e4t. Dabei coache ich vor dem Hintergrund einer selbst erlebten Transformationserfahrung im beruflichen Kontext und reichlich Lebenserfahrung als Frau und Mutter, Familienmanagerin und Freundin. <\/p>\n<!-- \/wp:paragraph -->\n\n<!-- wp:paragraph -->\n<p>Da im innovativ-agilen Kontext das Du g\u00e4ngig ist, habe ich mich entschieden, auch auf dieser Seite ein wertsch\u00e4tzendes Du zu w\u00e4hlen.  <\/p>\n<!-- \/wp:paragraph -->\n\n<!-- wp:paragraph -->\n<p>Meine Coaching-Unterst\u00fctzung biete ich Dir im virtuellen Raum an. Wenn Du wie ich in der Metropolregion Rhein-Main zuhause bist, ist Coaching auch im Walk &amp; Talk Format sowie in den R\u00e4umlichkeiten Deines Unternehmens m\u00f6glich. <br><br>Je nach Kundenwunsch coache ich in deutscher oder englischer Sprache, jederzeit gerne auch im interkulturellen Kontext.  <\/p>\n<!-- \/wp:paragraph -->\n\n<!-- wp:image {\"id\":924,\"sizeSlug\":\"large\",\"linkDestination\":\"none\"} -->\n<figure class=\"wp-block-image size-large\"><img src=\"https:\/\/juttarode.de\/wp-content\/uploads\/2022\/05\/image_123986672-1024x155.jpg\" alt=\"\" class=\"wp-image-924\"\/><\/figure>\n<!-- \/wp:image -->\n\n<!-- wp:buttons {\"layout\":{\"type\":\"flex\",\"justifyContent\":\"center\"}} -->\n<div class=\"wp-block-buttons\"><!-- wp:button {\"backgroundColor\":\"light-green-cyan\",\"textColor\":\"white\",\"className\":\"is-style-fill\"} -->\n<div class=\"wp-block-button is-style-fill\"><a class=\"wp-block-button__link has-white-color has-light-green-cyan-background-color has-text-color has-background wp-element-button\" href=\"https:\/\/juttarode.de\/index.php\/de\/meine-geschichte\/\" target=\"_blank\" rel=\"noreferrer noopener\">\u00dcber mich...<\/a><\/div>\n<!-- \/wp:button --><\/div>\n<!-- \/wp:buttons -->","_et_gb_content_width":"","footnotes":""},"class_list":["post-554","page","type-page","status-publish","hentry","grid-sizer"],"yoast_head":"<!-- This site is optimized with the Yoast SEO plugin v27.3 - https:\/\/yoast.com\/product\/yoast-seo-wordpress\/ -->\n<title>Sch\u00f6n, dass Du da bist | Jutta Rode<\/title>\n<meta name=\"description\" content=\"PQ\u00ae Mental Fitness Coaching, Leadership Coaching, Business Coaching - ICF-zertifiziert. F\u00fcr F\u00fchrungskr\u00e4fte in Ver\u00e4nderungsphasen und Unternehmen, die agil und zukunftsfit werden wollen.\" \/>\n<meta name=\"robots\" content=\"index, follow, max-snippet:-1, max-image-preview:large, max-video-preview:-1\" \/>\n<link rel=\"canonical\" href=\"https:\/\/juttarode.de\/\" \/>\n<meta property=\"og:locale\" content=\"de_DE\" \/>\n<meta property=\"og:type\" content=\"article\" \/>\n<meta property=\"og:title\" content=\"Sch\u00f6n, dass Du da bist | Jutta Rode\" \/>\n<meta property=\"og:description\" content=\"PQ\u00ae Mental Fitness Coaching, Leadership Coaching, Business Coaching - ICF-zertifiziert. F\u00fcr F\u00fchrungskr\u00e4fte in Ver\u00e4nderungsphasen und Unternehmen, die agil und zukunftsfit werden wollen.\" \/>\n<meta property=\"og:url\" content=\"https:\/\/juttarode.de\/\" \/>\n<meta property=\"og:site_name\" content=\"Jutta Rode\" \/>\n<meta property=\"article:modified_time\" content=\"2026-01-09T13:27:55+00:00\" \/>\n<meta property=\"og:image\" content=\"https:\/\/juttarode.de\/wp-content\/uploads\/2022\/05\/image_123986672-scaled.jpg\" \/>\n\t<meta property=\"og:image:width\" content=\"2560\" \/>\n\t<meta property=\"og:image:height\" content=\"387\" \/>\n\t<meta property=\"og:image:type\" content=\"image\/jpeg\" \/>\n<meta name=\"twitter:card\" content=\"summary_large_image\" \/>\n<meta name=\"twitter:label1\" content=\"Gesch\u00e4tzte Lesezeit\" \/>\n\t<meta name=\"twitter:data1\" content=\"2\u00a0Minuten\" \/>\n<script type=\"application\/ld+json\" class=\"yoast-schema-graph\">{\"@context\":\"https:\\\/\\\/schema.org\",\"@graph\":[{\"@type\":\"WebPage\",\"@id\":\"https:\\\/\\\/juttarode.de\\\/\",\"url\":\"https:\\\/\\\/juttarode.de\\\/\",\"name\":\"Sch\u00f6n, dass Du da bist | Jutta Rode\",\"isPartOf\":{\"@id\":\"https:\\\/\\\/juttarode.de\\\/#website\"},\"primaryImageOfPage\":{\"@id\":\"https:\\\/\\\/juttarode.de\\\/#primaryimage\"},\"image\":{\"@id\":\"https:\\\/\\\/juttarode.de\\\/#primaryimage\"},\"thumbnailUrl\":\"https:\\\/\\\/juttarode.de\\\/wp-content\\\/uploads\\\/2022\\\/05\\\/image_123986672-1024x155.jpg\",\"datePublished\":\"2022-03-29T11:19:32+00:00\",\"dateModified\":\"2026-01-09T13:27:55+00:00\",\"description\":\"PQ\u00ae Mental Fitness Coaching, Leadership Coaching, Business Coaching - ICF-zertifiziert. F\u00fcr F\u00fchrungskr\u00e4fte in Ver\u00e4nderungsphasen und Unternehmen, die agil und zukunftsfit werden wollen.\",\"breadcrumb\":{\"@id\":\"https:\\\/\\\/juttarode.de\\\/#breadcrumb\"},\"inLanguage\":\"de\",\"potentialAction\":[{\"@type\":\"ReadAction\",\"target\":[\"https:\\\/\\\/juttarode.de\\\/\"]}]},{\"@type\":\"ImageObject\",\"inLanguage\":\"de\",\"@id\":\"https:\\\/\\\/juttarode.de\\\/#primaryimage\",\"url\":\"https:\\\/\\\/juttarode.de\\\/wp-content\\\/uploads\\\/2022\\\/05\\\/image_123986672-1024x155.jpg\",\"contentUrl\":\"https:\\\/\\\/juttarode.de\\\/wp-content\\\/uploads\\\/2022\\\/05\\\/image_123986672-1024x155.jpg\"},{\"@type\":\"BreadcrumbList\",\"@id\":\"https:\\\/\\\/juttarode.de\\\/#breadcrumb\",\"itemListElement\":[{\"@type\":\"ListItem\",\"position\":1,\"name\":\"Startseite\",\"item\":\"https:\\\/\\\/juttarode.de\\\/\"},{\"@type\":\"ListItem\",\"position\":2,\"name\":\"Sch\u00f6n, dass Du da bist\"}]},{\"@type\":\"WebSite\",\"@id\":\"https:\\\/\\\/juttarode.de\\\/#website\",\"url\":\"https:\\\/\\\/juttarode.de\\\/\",\"name\":\"Jutta Rode\",\"description\":\"Helping You Transform \",\"publisher\":{\"@id\":\"https:\\\/\\\/juttarode.de\\\/#organization\"},\"potentialAction\":[{\"@type\":\"SearchAction\",\"target\":{\"@type\":\"EntryPoint\",\"urlTemplate\":\"https:\\\/\\\/juttarode.de\\\/?s={search_term_string}\"},\"query-input\":{\"@type\":\"PropertyValueSpecification\",\"valueRequired\":true,\"valueName\":\"search_term_string\"}}],\"inLanguage\":\"de\"},{\"@type\":\"Organization\",\"@id\":\"https:\\\/\\\/juttarode.de\\\/#organization\",\"name\":\"Jutta Rode\",\"url\":\"https:\\\/\\\/juttarode.de\\\/\",\"logo\":{\"@type\":\"ImageObject\",\"inLanguage\":\"de\",\"@id\":\"https:\\\/\\\/juttarode.de\\\/#\\\/schema\\\/logo\\\/image\\\/\",\"url\":\"https:\\\/\\\/juttarode.de\\\/wp-content\\\/uploads\\\/2022\\\/05\\\/IMG-3150-e1653911891555.png\",\"contentUrl\":\"https:\\\/\\\/juttarode.de\\\/wp-content\\\/uploads\\\/2022\\\/05\\\/IMG-3150-e1653911891555.png\",\"width\":301,\"height\":194,\"caption\":\"Jutta Rode\"},\"image\":{\"@id\":\"https:\\\/\\\/juttarode.de\\\/#\\\/schema\\\/logo\\\/image\\\/\"}}]}<\/script>\n<!-- \/ Yoast SEO plugin. -->","yoast_head_json":{"title":"Sch\u00f6n, dass Du da bist | Jutta Rode","description":"PQ\u00ae Mental Fitness Coaching, Leadership Coaching, Business Coaching - ICF-zertifiziert. F\u00fcr F\u00fchrungskr\u00e4fte in Ver\u00e4nderungsphasen und Unternehmen, die agil und zukunftsfit werden wollen.","robots":{"index":"index","follow":"follow","max-snippet":"max-snippet:-1","max-image-preview":"max-image-preview:large","max-video-preview":"max-video-preview:-1"},"canonical":"https:\/\/juttarode.de\/","og_locale":"de_DE","og_type":"article","og_title":"Sch\u00f6n, dass Du da bist | Jutta Rode","og_description":"PQ\u00ae Mental Fitness Coaching, Leadership Coaching, Business Coaching - ICF-zertifiziert. F\u00fcr F\u00fchrungskr\u00e4fte in Ver\u00e4nderungsphasen und Unternehmen, die agil und zukunftsfit werden wollen.","og_url":"https:\/\/juttarode.de\/","og_site_name":"Jutta Rode","article_modified_time":"2026-01-09T13:27:55+00:00","og_image":[{"width":2560,"height":387,"url":"https:\/\/juttarode.de\/wp-content\/uploads\/2022\/05\/image_123986672-scaled.jpg","type":"image\/jpeg"}],"twitter_card":"summary_large_image","twitter_misc":{"Gesch\u00e4tzte Lesezeit":"2\u00a0Minuten"},"schema":{"@context":"https:\/\/schema.org","@graph":[{"@type":"WebPage","@id":"https:\/\/juttarode.de\/","url":"https:\/\/juttarode.de\/","name":"Sch\u00f6n, dass Du da bist | Jutta Rode","isPartOf":{"@id":"https:\/\/juttarode.de\/#website"},"primaryImageOfPage":{"@id":"https:\/\/juttarode.de\/#primaryimage"},"image":{"@id":"https:\/\/juttarode.de\/#primaryimage"},"thumbnailUrl":"https:\/\/juttarode.de\/wp-content\/uploads\/2022\/05\/image_123986672-1024x155.jpg","datePublished":"2022-03-29T11:19:32+00:00","dateModified":"2026-01-09T13:27:55+00:00","description":"PQ\u00ae Mental Fitness Coaching, Leadership Coaching, Business Coaching - ICF-zertifiziert. F\u00fcr F\u00fchrungskr\u00e4fte in Ver\u00e4nderungsphasen und Unternehmen, die agil und zukunftsfit werden wollen.","breadcrumb":{"@id":"https:\/\/juttarode.de\/#breadcrumb"},"inLanguage":"de","potentialAction":[{"@type":"ReadAction","target":["https:\/\/juttarode.de\/"]}]},{"@type":"ImageObject","inLanguage":"de","@id":"https:\/\/juttarode.de\/#primaryimage","url":"https:\/\/juttarode.de\/wp-content\/uploads\/2022\/05\/image_123986672-1024x155.jpg","contentUrl":"https:\/\/juttarode.de\/wp-content\/uploads\/2022\/05\/image_123986672-1024x155.jpg"},{"@type":"BreadcrumbList","@id":"https:\/\/juttarode.de\/#breadcrumb","itemListElement":[{"@type":"ListItem","position":1,"name":"Startseite","item":"https:\/\/juttarode.de\/"},{"@type":"ListItem","position":2,"name":"Sch\u00f6n, dass Du da bist"}]},{"@type":"WebSite","@id":"https:\/\/juttarode.de\/#website","url":"https:\/\/juttarode.de\/","name":"Jutta Rode","description":"Helping You Transform ","publisher":{"@id":"https:\/\/juttarode.de\/#organization"},"potentialAction":[{"@type":"SearchAction","target":{"@type":"EntryPoint","urlTemplate":"https:\/\/juttarode.de\/?s={search_term_string}"},"query-input":{"@type":"PropertyValueSpecification","valueRequired":true,"valueName":"search_term_string"}}],"inLanguage":"de"},{"@type":"Organization","@id":"https:\/\/juttarode.de\/#organization","name":"Jutta Rode","url":"https:\/\/juttarode.de\/","logo":{"@type":"ImageObject","inLanguage":"de","@id":"https:\/\/juttarode.de\/#\/schema\/logo\/image\/","url":"https:\/\/juttarode.de\/wp-content\/uploads\/2022\/05\/IMG-3150-e1653911891555.png","contentUrl":"https:\/\/juttarode.de\/wp-content\/uploads\/2022\/05\/IMG-3150-e1653911891555.png","width":301,"height":194,"caption":"Jutta Rode"},"image":{"@id":"https:\/\/juttarode.de\/#\/schema\/logo\/image\/"}}]}},"_links":{"self":[{"href":"https:\/\/juttarode.de\/index.php\/wp-json\/wp\/v2\/pages\/554","targetHints":{"allow":["GET"]}}],"collection":[{"href":"https:\/\/juttarode.de\/index.php\/wp-json\/wp\/v2\/pages"}],"about":[{"href":"https:\/\/juttarode.de\/index.php\/wp-json\/wp\/v2\/types\/page"}],"author":[{"embeddable":true,"href":"https:\/\/juttarode.de\/index.php\/wp-json\/wp\/v2\/users\/1"}],"replies":[{"embeddable":true,"href":"https:\/\/juttarode.de\/index.php\/wp-json\/wp\/v2\/comments?post=554"}],"version-history":[{"count":51,"href":"https:\/\/juttarode.de\/index.php\/wp-json\/wp\/v2\/pages\/554\/revisions"}],"predecessor-version":[{"id":2407,"href":"https:\/\/juttarode.de\/index.php\/wp-json\/wp\/v2\/pages\/554\/revisions\/2407"}],"wp:attachment":[{"href":"https:\/\/juttarode.de\/index.php\/wp-json\/wp\/v2\/media?parent=554"}],"curies":[{"name":"wp","href":"https:\/\/api.w.org\/{rel}","templated":true}]}}